{"id":3,"date":"2024-05-17T06:08:58","date_gmt":"2024-05-17T06:08:58","guid":{"rendered":"https:\/\/lestanzie.com\/?page_id=3"},"modified":"2024-05-22T18:34:20","modified_gmt":"2024-05-22T18:34:20","slug":"privacy-policy","status":"publish","type":"page","link":"https:\/\/www.lestanzie.com\/?page_id=3","title":{"rendered":"Privacy Policy"},"content":{"rendered":"\n<h2 class=\"wp-block-heading\" id=\"owner_of_the_data\">Titolare Del Trattamento Dei Dati<\/h2>\n\n\n\n<p>Le Stanzie<br>Strada Prov.le 362 Km.32,900, Supersano, IT 73040<\/p>\n\n\n\n<h2 class=\"wp-block-heading\">Cosa Sono I Cookies?<\/h2>\n\n\n\n<p>La presente Politica sui cookie spiega cosa sono i cookie e come li utilizziamo, i tipi di cookie che utilizziamo, ovvero le informazioni che raccogliamo utilizzando i cookie e come tali informazioni vengono utilizzate e come gestire le impostazioni dei cookie.<br>I cookie sono piccoli file di testo che vengono utilizzati per memorizzare piccole informazioni. Vengono memorizzati sul tuo dispositivo quando il sito web viene caricato sul tuo browser. Questi cookie ci aiutano a far funzionare correttamente il sito web, a renderlo pi\u00f9 sicuro, a fornire una migliore esperienza utente, a capire come funziona il sito web e ad analizzare cosa funziona e dove necessita di miglioramenti.<\/p>\n\n\n\n<h3 class=\"wp-block-heading\" id=\"manage_cookies\">Come Gestire Le Preferenze E Prestare O Revocare Il Consenso<\/h3>\n\n\n\n<p>Esistono vari modi per gestire le preferenze relative agli Strumenti di Tracciamento e per prestare o revocare il consenso, ove necessario:<\/p>\n\n\n\n<p>Gli Utenti possono gestire le preferenze relative agli Strumenti di Tracciamento direttamente tramite le impostazioni dei propri dispositivi \u2013 per esempio, possono impedire l\u2019uso o l\u2019archiviazione di Strumenti di Tracciamento.<\/p>\n\n\n\n<p>In aggiunta, ogni qualvolta l\u2019utilizzo di Strumenti di Tracciamento dipenda da consenso, l\u2019Utente pu\u00f2 prestare o revocare tale consenso impostando le proprie preferenze all\u2019interno dell\u2019informativa sui cookie o aggiornando tali preferenze tramite il widget privacy per le preferenze relative al consenso, se presente.<\/p>\n\n\n\n<p>Grazie ad apposite funzioni del browser o del dispositivo \u00e8 anche possibile rimuovere Strumenti di Tracciamento precedentemente salvati, inclusi quelli utilizzati per il salvataggio delle preferenze relative al consenso inizialmente espresse dall\u2019Utente.<\/p>\n\n\n\n<p>Altri Strumenti di Tracciamento presenti nella memoria locale del browser possono essere rimossi cancellando la cronologia di navigazione.<\/p>\n\n\n\n<h4 class=\"wp-block-heading\">Individuare Le Impostazioni Relative Agli Strumenti Di Tracciamento<\/h4>\n\n\n\n<p>Gli Utenti possono, per esempio, trovare informazioni su come gestire i Cookie in alcuni dei browser pi\u00f9 diffusi ai seguenti indirizzi:<\/p>\n\n\n\n<ul class=\"wp-block-list\">\n<li><a href=\"https:\/\/support.google.com\/chrome\/answer\/95647?hl=it&amp;p=cpn_cookies\" target=\"_blank\" rel=\"noreferrer noopener\">Google Chrome<\/a><\/li>\n\n\n\n<li><a href=\"https:\/\/support.mozilla.org\/it\/kb\/Attivare%20e%20disattivare%20i%20cookie\" target=\"_blank\" rel=\"noreferrer noopener\">Mozilla Firefox<\/a><\/li>\n\n\n\n<li><a href=\"https:\/\/support.apple.com\/it-it\/guide\/safari\/manage-cookies-and-website-data-sfri11471\/\" target=\"_blank\" rel=\"noreferrer noopener\">Apple Safari<\/a><\/li>\n\n\n\n<li><a href=\"http:\/\/windows.microsoft.com\/it-it\/windows-vista\/block-or-allow-cookies\" target=\"_blank\" rel=\"noreferrer noopener\">Microsoft Internet Explorer<\/a><\/li>\n\n\n\n<li><a href=\"https:\/\/support.microsoft.com\/it-it\/help\/4027947\" target=\"_blank\" rel=\"noreferrer noopener\">Microsoft Edge<\/a><\/li>\n\n\n\n<li><a href=\"https:\/\/support.brave.com\/hc\/articles\/360022806212-How-do-I-use-Shields-while-browsing\" target=\"_blank\" rel=\"noreferrer noopener\">Brave<\/a><\/li>\n\n\n\n<li><a href=\"https:\/\/help.opera.com\/latest\/web-preferences\/#cookies\" target=\"_blank\" rel=\"noreferrer noopener\">Opera<\/a><\/li>\n<\/ul>\n\n\n\n<p>Gli Utenti possono inoltre gestire alcuni Strumenti di Tracciamento per applicazioni mobili disattivandoli tramite le apposite impostazioni del dispositivo, quali le impostazioni di pubblicit\u00e0 per dispositivi mobili o le impostazioni relative al tracciamento in generale (gli Utenti possono consultare le impostazioni del dispositivo per individuare quella pertinente).<\/p>\n\n\n\n<h2 class=\"wp-block-heading\" id=\"types_of_data\">Tipologie Di Dati Raccolti<\/h2>\n\n\n\n<p>Fra i Dati Personali raccolti da questo sito web tramite il nostro modulo contatti, ci sono: nome; cognome; email.<\/p>\n\n\n\n<p>Se non diversamente specificato, tutti i Dati richiesti sono obbligatori. Se l\u2019Utente rifiuta di comunicarli, potrebbe essere impossibile fornire il Servizio. In caso di Dati facoltativi, gli Utenti sono liberi di astenersi dal comunicare tali Dati, senza che ci\u00f2 abbia alcuna conseguenza sulla disponibilit\u00e0 del Servizio o sulla sua operativit\u00e0.<br>Gli Utenti che dovessero avere dubbi su quali Dati siano obbligatori sono incoraggiati a contattare il Titolare.<br>L\u2019eventuale utilizzo di Cookie \u2013 o di altri strumenti di tracciamento \u2013 ha la finalit\u00e0 di fornire il Servizio richiesto dall\u2019Utente, oltre alle ulteriori finalit\u00e0 descritte nel presente documento e nella Cookie Policy.<\/p>\n\n\n\n<p>L\u2019Utente si assume la responsabilit\u00e0 dei Dati Personali di terzi ottenuti, pubblicati o condivisi mediante questo sito web.<\/p>\n\n\n\n<h2 class=\"wp-block-heading\" id=\"place_of_processing\">Modalit\u00e0 E Luogo Del Trattamento Dei Dati Raccolti<\/h2>\n\n\n\n<h3 class=\"wp-block-heading\">Modalit\u00e0 Di Trattamento<\/h3>\n\n\n\n<p>Il Titolare adotta le opportune misure di sicurezza volte ad impedire l\u2019accesso, la divulgazione, la modifica o la distruzione non autorizzate dei Dati Personali.<br>Il trattamento viene effettuato mediante strumenti informatici e\/o telematici, con modalit\u00e0 organizzative e con logiche strettamente correlate alle finalit\u00e0 indicate.&nbsp;<\/p>\n\n\n\n<h3 class=\"wp-block-heading\">Luogo<\/h3>\n\n\n\n<p>I Dati sono trattati presso le sedi operative del Titolare ed in ogni altro luogo in cui le parti coinvolte nel trattamento siano localizzate. Per ulteriori informazioni, contatta il Titolare.<\/p>\n\n\n\n<h3 class=\"wp-block-heading\">Periodo Di Conservazione<\/h3>\n\n\n\n<p>Se non diversamente indicato in questo documento, i Dati Personali sono trattati e conservati per il tempo richiesto dalla finalit\u00e0 per la quale sono stati raccolti.<\/p>\n\n\n\n<h2 class=\"wp-block-heading\" id=\"use_collected_data\">Finalit\u00e0 Del Trattamento Dei Dati Raccolti<\/h2>\n\n\n\n<p>I Dati dell\u2019Utente sono raccolti per consentire al Titolare di fornire il Servizio, adempiere agli obblighi di legge, rispondere a richieste o azioni esecutive, tutelare i propri diritti ed interessi (o quelli di Utenti o di terze parti), individuare eventuali attivit\u00e0 dolose o fraudolente, nonch\u00e9 per le seguenti finalit\u00e0: Contattare l\u2019Utente.<\/p>\n","protected":false},"excerpt":{"rendered":"<p>Titolare Del Trattamento Dei Dati Le StanzieStrada Prov.le 362 Km.32,900, Supersano, IT 73040 Cosa Sono I Cookies? La presente Politica sui cookie spiega cosa sono i cookie e come li utilizziamo, i tipi di cookie che utilizziamo, ovvero le informazioni che raccogliamo utilizzando i cookie e come tali informazioni vengono utilizzate e come gestire le &hellip; <\/p>\n<p class=\"link-more\"><a href=\"https:\/\/www.lestanzie.com\/?page_id=3\" class=\"more-link\">Leggi tutto<span class=\"screen-reader-text\"> &#8220;Privacy Policy&#8221;<\/span><\/a><\/p>\n","protected":false},"author":1,"featured_media":0,"parent":0,"menu_order":0,"comment_status":"closed","ping_status":"open","template":"","meta":{"footnotes":""},"class_list":["post-3","page","type-page","status-publish","hentry"],"yoast_head":"<!-- This site is optimized with the Yoast SEO plugin v26.6 - https:\/\/yoast.com\/wordpress\/plugins\/seo\/ -->\n<title>Privacy Policy &#8226; Le Stanzie<\/title>\n<meta name=\"robots\" content=\"index, follow, max-snippet:-1, max-image-preview:large, max-video-preview:-1\" \/>\n<link rel=\"canonical\" href=\"https:\/\/www.lestanzie.com\/?page_id=3\" \/>\n<meta property=\"og:locale\" content=\"it_IT\" \/>\n<meta property=\"og:type\" content=\"article\" \/>\n<meta property=\"og:title\" content=\"Privacy Policy &#8226; Le Stanzie\" \/>\n<meta property=\"og:description\" content=\"Titolare Del Trattamento Dei Dati Le StanzieStrada Prov.le 362 Km.32,900, Supersano, IT 73040 Cosa Sono I Cookies? La presente Politica sui cookie spiega cosa sono i cookie e come li utilizziamo, i tipi di cookie che utilizziamo, ovvero le informazioni che raccogliamo utilizzando i cookie e come tali informazioni vengono utilizzate e come gestire le &hellip; Leggi tutto &quot;Privacy Policy&quot;\" \/>\n<meta property=\"og:url\" content=\"https:\/\/www.lestanzie.com\/?page_id=3\" \/>\n<meta property=\"og:site_name\" content=\"Le Stanzie\" \/>\n<meta property=\"article:publisher\" content=\"https:\/\/www.facebook.com\/masserialestanzie\/\" \/>\n<meta property=\"article:modified_time\" content=\"2024-05-22T18:34:20+00:00\" \/>\n<meta property=\"og:image\" content=\"https:\/\/www.lestanzie.com\/wp-content\/uploads\/2024\/05\/Home-le-stanzie.jpg\" \/>\n\t<meta property=\"og:image:width\" content=\"2000\" \/>\n\t<meta property=\"og:image:height\" content=\"1200\" \/>\n\t<meta property=\"og:image:type\" content=\"image\/jpeg\" \/>\n<meta name=\"twitter:card\" content=\"summary_large_image\" \/>\n<meta name=\"twitter:label1\" content=\"Tempo di lettura stimato\" \/>\n\t<meta name=\"twitter:data1\" content=\"4 minuti\" \/>\n<script type=\"application\/ld+json\" class=\"yoast-schema-graph\">{\"@context\":\"https:\/\/schema.org\",\"@graph\":[{\"@type\":\"WebPage\",\"@id\":\"https:\/\/www.lestanzie.com\/?page_id=3\",\"url\":\"https:\/\/www.lestanzie.com\/?page_id=3\",\"name\":\"Privacy Policy &#8226; Le Stanzie\",\"isPartOf\":{\"@id\":\"https:\/\/www.lestanzie.com\/#website\"},\"datePublished\":\"2024-05-17T06:08:58+00:00\",\"dateModified\":\"2024-05-22T18:34:20+00:00\",\"breadcrumb\":{\"@id\":\"https:\/\/www.lestanzie.com\/?page_id=3#breadcrumb\"},\"inLanguage\":\"it-IT\",\"potentialAction\":[{\"@type\":\"ReadAction\",\"target\":[\"https:\/\/www.lestanzie.com\/?page_id=3\"]}]},{\"@type\":\"BreadcrumbList\",\"@id\":\"https:\/\/www.lestanzie.com\/?page_id=3#breadcrumb\",\"itemListElement\":[{\"@type\":\"ListItem\",\"position\":1,\"name\":\"Masseria le Stanzie Supersano\",\"item\":\"https:\/\/www.lestanzie.com\/\"},{\"@type\":\"ListItem\",\"position\":2,\"name\":\"Privacy Policy\"}]},{\"@type\":\"WebSite\",\"@id\":\"https:\/\/www.lestanzie.com\/#website\",\"url\":\"https:\/\/www.lestanzie.com\/\",\"name\":\"Masseria le Stanzie\",\"description\":\"Il mio nome \u00e8 Stanz\u00ece e siedo sul Tempo. Invece tu? Chi sei?\",\"publisher\":{\"@id\":\"https:\/\/www.lestanzie.com\/#organization\"},\"alternateName\":\"Le Stanzie\",\"potentialAction\":[{\"@type\":\"SearchAction\",\"target\":{\"@type\":\"EntryPoint\",\"urlTemplate\":\"https:\/\/www.lestanzie.com\/?s={search_term_string}\"},\"query-input\":{\"@type\":\"PropertyValueSpecification\",\"valueRequired\":true,\"valueName\":\"search_term_string\"}}],\"inLanguage\":\"it-IT\"},{\"@type\":\"Organization\",\"@id\":\"https:\/\/www.lestanzie.com\/#organization\",\"name\":\"Le Stanzie\",\"url\":\"https:\/\/www.lestanzie.com\/\",\"logo\":{\"@type\":\"ImageObject\",\"inLanguage\":\"it-IT\",\"@id\":\"https:\/\/www.lestanzie.com\/#\/schema\/logo\/image\/\",\"url\":\"https:\/\/www.lestanzie.com\/wp-content\/uploads\/2024\/05\/cropped-Masseria-le-Stanzie.png\",\"contentUrl\":\"https:\/\/www.lestanzie.com\/wp-content\/uploads\/2024\/05\/cropped-Masseria-le-Stanzie.png\",\"width\":512,\"height\":512,\"caption\":\"Le Stanzie\"},\"image\":{\"@id\":\"https:\/\/www.lestanzie.com\/#\/schema\/logo\/image\/\"},\"sameAs\":[\"https:\/\/www.facebook.com\/masserialestanzie\/\",\"https:\/\/www.instagram.com\/masserialestanzie\/\"]}]}<\/script>\n<!-- \/ Yoast SEO plugin. -->","yoast_head_json":{"title":"Privacy Policy &#8226; Le Stanzie","robots":{"index":"index","follow":"follow","max-snippet":"max-snippet:-1","max-image-preview":"max-image-preview:large","max-video-preview":"max-video-preview:-1"},"canonical":"https:\/\/www.lestanzie.com\/?page_id=3","og_locale":"it_IT","og_type":"article","og_title":"Privacy Policy &#8226; Le Stanzie","og_description":"Titolare Del Trattamento Dei Dati Le StanzieStrada Prov.le 362 Km.32,900, Supersano, IT 73040 Cosa Sono I Cookies? La presente Politica sui cookie spiega cosa sono i cookie e come li utilizziamo, i tipi di cookie che utilizziamo, ovvero le informazioni che raccogliamo utilizzando i cookie e come tali informazioni vengono utilizzate e come gestire le &hellip; Leggi tutto \"Privacy Policy\"","og_url":"https:\/\/www.lestanzie.com\/?page_id=3","og_site_name":"Le Stanzie","article_publisher":"https:\/\/www.facebook.com\/masserialestanzie\/","article_modified_time":"2024-05-22T18:34:20+00:00","og_image":[{"width":2000,"height":1200,"url":"https:\/\/www.lestanzie.com\/wp-content\/uploads\/2024\/05\/Home-le-stanzie.jpg","type":"image\/jpeg"}],"twitter_card":"summary_large_image","twitter_misc":{"Tempo di lettura stimato":"4 minuti"},"schema":{"@context":"https:\/\/schema.org","@graph":[{"@type":"WebPage","@id":"https:\/\/www.lestanzie.com\/?page_id=3","url":"https:\/\/www.lestanzie.com\/?page_id=3","name":"Privacy Policy &#8226; Le Stanzie","isPartOf":{"@id":"https:\/\/www.lestanzie.com\/#website"},"datePublished":"2024-05-17T06:08:58+00:00","dateModified":"2024-05-22T18:34:20+00:00","breadcrumb":{"@id":"https:\/\/www.lestanzie.com\/?page_id=3#breadcrumb"},"inLanguage":"it-IT","potentialAction":[{"@type":"ReadAction","target":["https:\/\/www.lestanzie.com\/?page_id=3"]}]},{"@type":"BreadcrumbList","@id":"https:\/\/www.lestanzie.com\/?page_id=3#breadcrumb","itemListElement":[{"@type":"ListItem","position":1,"name":"Masseria le Stanzie Supersano","item":"https:\/\/www.lestanzie.com\/"},{"@type":"ListItem","position":2,"name":"Privacy Policy"}]},{"@type":"WebSite","@id":"https:\/\/www.lestanzie.com\/#website","url":"https:\/\/www.lestanzie.com\/","name":"Masseria le Stanzie","description":"Il mio nome \u00e8 Stanz\u00ece e siedo sul Tempo. Invece tu? Chi sei?","publisher":{"@id":"https:\/\/www.lestanzie.com\/#organization"},"alternateName":"Le Stanzie","potentialAction":[{"@type":"SearchAction","target":{"@type":"EntryPoint","urlTemplate":"https:\/\/www.lestanzie.com\/?s={search_term_string}"},"query-input":{"@type":"PropertyValueSpecification","valueRequired":true,"valueName":"search_term_string"}}],"inLanguage":"it-IT"},{"@type":"Organization","@id":"https:\/\/www.lestanzie.com\/#organization","name":"Le Stanzie","url":"https:\/\/www.lestanzie.com\/","logo":{"@type":"ImageObject","inLanguage":"it-IT","@id":"https:\/\/www.lestanzie.com\/#\/schema\/logo\/image\/","url":"https:\/\/www.lestanzie.com\/wp-content\/uploads\/2024\/05\/cropped-Masseria-le-Stanzie.png","contentUrl":"https:\/\/www.lestanzie.com\/wp-content\/uploads\/2024\/05\/cropped-Masseria-le-Stanzie.png","width":512,"height":512,"caption":"Le Stanzie"},"image":{"@id":"https:\/\/www.lestanzie.com\/#\/schema\/logo\/image\/"},"sameAs":["https:\/\/www.facebook.com\/masserialestanzie\/","https:\/\/www.instagram.com\/masserialestanzie\/"]}]}},"featured_media_urls":[],"_links":{"self":[{"href":"https:\/\/www.lestanzie.com\/index.php?rest_route=\/wp\/v2\/pages\/3","targetHints":{"allow":["GET"]}}],"collection":[{"href":"https:\/\/www.lestanzie.com\/index.php?rest_route=\/wp\/v2\/pages"}],"about":[{"href":"https:\/\/www.lestanzie.com\/index.php?rest_route=\/wp\/v2\/types\/page"}],"author":[{"embeddable":true,"href":"https:\/\/www.lestanzie.com\/index.php?rest_route=\/wp\/v2\/users\/1"}],"replies":[{"embeddable":true,"href":"https:\/\/www.lestanzie.com\/index.php?rest_route=%2Fwp%2Fv2%2Fcomments&post=3"}],"version-history":[{"count":1,"href":"https:\/\/www.lestanzie.com\/index.php?rest_route=\/wp\/v2\/pages\/3\/revisions"}],"predecessor-version":[{"id":198,"href":"https:\/\/www.lestanzie.com\/index.php?rest_route=\/wp\/v2\/pages\/3\/revisions\/198"}],"wp:attachment":[{"href":"https:\/\/www.lestanzie.com\/index.php?rest_route=%2Fwp%2Fv2%2Fmedia&parent=3"}],"curies":[{"name":"wp","href":"https:\/\/api.w.org\/{rel}","templated":true}]}}